83. Let b = k + -101. Let d(m) = -m**3 - 9*m**2 - 10*m - 11. Calculate d(b).
5
Suppose 0 = -7*x + 10*x - 18. Suppose -3*s + 4*k - x*k - 18 = 0, -2*s - 12 = 3*k. Let u(o) = -o**2 - 7*o - 7. Calculate u(s).
-1
Let a(x) = 2 + 2*x**2 - 3*x**2 - 4*x**2 + 4*x**2. Suppose 2*k = -8, -3*k + 1 = 5*l + 13. Calculate a(l).
2
Let p be (-1)/5 + (-42)/(-10) + 2. Let h(u) = -4*u**2 + 8. Let y(r) = -5*r**2 - r + 9. Let i(l) = p*h(l) - 5*y(l). Give i(-6).
9
Let y(z) = z - 3. Let m be 4/((-4 - -7)/6). Suppose -2*d + m = -4. Determine y(d).
3
Let q(t) = -1 - 25*t**3 - 34*t**3 + 2 + 60*t**3. What is q(1)?
2
Let f(v) = -v + 4. Let i be f(5). Let s(u) = 11*u - 5. Let c(x) = -10*x + 4. Let o(d) = 5*c(d) + 4*s(d). Give o(i).
6
Let z(f) = -11 + 11 - f. Let y be 8/(-5) - 8/20. Let s be z(y). Let j(k) = k**2 - 3*k - 2. Give j(s).
-4
Let t(c) = -c**3 - c**2 + c - 5. Suppose 11*z - 9*z - 32 = 0. Suppose -z*q = -7*q. Determine t(q).
-5
Let i(f) = -11*f**3 - 1. Let u = -3 - -11. Let s(q) = -q**3 - 5 + 18 + 8*q**2 - 5 + u*q. Let n be s(9). Calculate i(n).
10
Let d(l) = -2*l**2 - 620*l - 2 + 631*l + 3*l**2 + 0*l**2. What is d(-12)?
10
Let g(j) be the third derivative of -j**4/6 + j**3/6 - 43*j**2 + 1. Determine g(-4).
17
Suppose -3*z = -119 + 101. Let x(i) = -4*i**2 + 11*i - 5. Let v = -3 - 5. Let d(m) = 11*m**2 - 32*m + 15. Let l(y) = v*x(y) - 3*d(y). Calculate l(z).
7
Let m(u) = -4*u + 4. Let x(k) = -2*k + 2. Let b(n) = n - 1. Let f(r) = 7*b(r) + 6*x(r). Let q(g) = -5*f(g) + 6*m(g). Give q(3).
2
Let s(b) = -b - 1. Let v(l) = 11*l + 9. Let k(r) = 6*s(r) + v(r). Determine k(3).
18
Suppose 5*k + 6 = 3*d, 3*d - 4*k - 6 = -7*k. Let s(o) be the first derivative of -5 - 7*o + 1/2*o**d + 1/3*o**3. Calculate s(0).
-7
Let y be -6 - (-98 + -1)/9. Let i(q) = q - 8. Let p(c) = c - 8. Let g(j) = 5*i(j) - 4*p(j). Determine g(y).
-3
Let d = 70 + -61. Suppose -4*l + 15 = -d. Let p(s) = -s**3 + 5*s**2 + 4*s - 8. Determine p(l).
-20
Let z(b) be the first derivative of -b**4/4 - b**3 - b**2 + 3*b + 27. Calculate z(-4).
27
Let d(r) = -6*r**2 - 29*r**3 + r + 47*r**3 - 17*r**3 - 1. Determine d(6).
5
Let r(k) be the second derivative of 11/2*k**2 + 10*k + 1/12*k**4 + 1/6*k**3 + 0. What is r(0)?
11
Let k(a) = 3*a**3 + a**2 - 3*a + 6. Let n(z) = 4*z**3 + 2*z**2 - 4*z + 6. Let j(l) = -3*k(l) + 2*n(l). Let c be 6 - 4 - 1*6. Let h = -4 - c. What is j(h)?
-6
Let u(q) be the first derivative of -76*q**2 - 2*q + 39*q**2 + 36*q**2 - 9. Calculate u(2).
-6
Let b(l) = -5*l. Let q(w) = -9*w + 1. Let o(j) = 11*b(j) - 6*q(j). Calculate o(-3).
-3
Let t(a) = -a - 9. Let n(q) = -2*q - 10. Let i(g) = g**3 - 21*g**2 - 6. Let c be i(21). Let s(z) = c*n(z) + 7*t(z). Determine s(2).
7
Let q(a) = -57*a**2 + 22*a**2 + 4*a - 3*a + 17*a**2 + 19*a**2 - 6. Determine q(-3).
0
Let m be ((-35)/(-14) - 1)*4/3. Let h(r) = -3*r + 3*r - 3*r. Calculate h(m).
-6
Let h(d) be the third derivative of d**7/840 + d**6/120 - d**5/60 - d**4/24 - 17*d**3/6 + 21*d**2. Let t(p) be the first derivative of h(p). Calculate t(-4).
-9
Let y(w) = w**2 + 5*w + 3. Let a be y(-4). Let u be (-1)/((-3)/6 + a/2). Let m(f) = 13*f. Calculate m(u).
13
Let u(b) = -4*b + 2. Suppose 3*z - 2*w = 6*z + 7, 2*z + 2*w + 8 = 0. Calculate u(z).
-2
Let w(p) = 11*p**2 - 6*p + 5. Let t(q) = -24*q**2 + 13*q - 10. Let d(o) = 6*t(o) + 13*w(o). Determine d(0).
5
Suppose 6*z - 7 = 3*z - 5*w, -5*w = 5*z - 5. Let a(d) = 15*d**2 - 1. Calculate a(z).
14
Suppose 1 = -2*t - 5*x, 2*t - 5 = 5*x + 4. Let c(n) = 4*n**3 + 4*n**2 - 39. Let d(u) = -u**3 - u**2 + 10. Let q(l) = t*c(l) + 9*d(l). Give q(0).
12
Let l(i) be the second derivative of -i**4/12 + 7*i**3/6 + 5*i**2/2 - 43*i. Determine l(7).
5
Let z(a) = 3 + 2*a + 9*a + 2 + 4*a**2 - 4. Let p(k) = 7*k**2 + 21*k + 2. Let g(x) = -3*p(x) + 5*z(x). Give g(-7).
6
Suppose 0 = 2*c + 3*y, 14 = 5*c - 0*c + 4*y. Let i(n) = -20 + c + 6*n + n**2 + 7. Calculate i(-7).
0
Let r(i) = 3*i - 15. Let m(j) = -j. Let y(t) = -4*m(t) - r(t). Determine y(-7).
8
Let v be -24*((-1)/4 + 196/336). Let g(n) = 2*n - 2. What is g(v)?
-18
Let f(r) = -3*r**3 - 7*r**2 + 8*r + 15. Let o(s) = -5*s**3 - 14*s**2 + 15*s + 28. Let t(w) = 7*f(w) - 4*o(w). Calculate t(6).
5
Suppose 0*u = 2*c + 5*u + 8, 2*u + 14 = c. Suppose -4*o = n + 8, c*n = 3*n - 4*o. Let d(b) = -7*b**2 + 1 + n*b**2 - 5*b**2 - b. Calculate d(1).
-8
Let w(i) = 5*i + 2. Let d(q) = 2*q + 1. Let s(f) = -9*d(f) + 4*w(f). Let a(o) = 5*o**2. Let g be a(1). Suppose 3 = -g*y + 2*y. Calculate s(y).
-3
Let c = 41 - 37. Suppose -3*b - 50 = -4*v, -8*v = -c*b - 7*v - 45. Let o(j) = j**2 + 10*j - 7. Determine o(b).
-7
Let h(i) = -2*i**2 + 6 + 7*i + 2*i**2 + 15*i - 11*i + i**2. Calculate h(-10).
-4
Let h(j) = -j**3 - 5*j**2 - 4*j - 2. Let a(k) = 2*k**2 + k - 2. Let l be a(2). Suppose -l*p - 3*p = 33. Calculate h(p).
-8
Let k(o) = -o**2 + 2*o - 4. Let j be (4/6)/((-3)/(-18)*1). Give k(j).
-12
Let s(h) = h + 7. Let p be ((-1 - 0) + -1)/(40/80). Determine s(p).
3
Let h(i) be the third derivative of -i**6/120 + i**5/12 + i**4/24 + 5*i**3/6 + 26*i**2. Suppose -22 - 3 = -5*r. Calculate h(r).
10
Suppose -3*y + 2*q - 4 = 0, q - 10 = -5*y - 4*q. Let m(f) = 6*f**2 - 23. Let x(c) = -5*c**2 + 20. Let b(s) = -6*m(s) - 7*x(s). What is b(y)?
-2
Let r(k) = -k**2 + k + 12. Let f be r(4). Let d(q) = -q + 4. Give d(f).
4
Suppose -2*o = 3*i + 11, 0*o - 2*i + 2 = -o. Let d be o*(-1)/2*1. Let k be (-1)/(-3)*36/d. Let u(t) = t**3 - 7*t**2 + 4*t + 3. Calculate u(k).
-9
Let u(l) = -l + 4. Let s be 6 + 7/(7/(-4)). Suppose -v + 4 = -i, -7 = 5*i + s*v - 1. Let r(j) = j - 8. Let x(a) = i*r(a) - 5*u(a). Calculate x(5).
11
Let d = 1493 + -1494. Let l(t) = -t**3 - 2*t**2 - t. Determine l(d).
0
Let p(d) be the third derivative of 0*d + 3*d**2 + 0 + 1/3*d**3 - 1/24*d**4. Let q(l) = l**3 - 8*l**2 + 12*l - 2. Let x be q(6). Give p(x).
4
Let a(x) be the first derivative of x**3 - x**2/2 + x - 46. Suppose -4*g - g = -15. Suppose -g + 0 = -3*u. Determine a(u).
3
Suppose 37*f - f = -252. Let r(m) = -5*m - 29. Calculate r(f).
6
Let f(j) = -2*j**2 + j - 1. Let z(p) = 3*p**2 - 4*p + 1. Let o(b) = 2*f(b) + z(b). Suppose -2*s - 25 = 3*s. Calculate o(s).
-16
Suppose 0 = -2*l - 0*l. Let t = 2 - l. Let r(d) = 4*d - d**t - 3*d + 0*d**2 + 1 + 0*d. Give r(-2).
-5
Let q(o) = -o**3 - 5*o**2 + 7*o + 6. Let b be q(-6). Let c(r) be the first derivative of 10 - 1/2*r**2 + 1/3*r**3 - 6*r. Give c(b).
-6
Let h(g) = 1 + 5*g**2 - 2*g**2 + 3*g**2 - 15*g**3 - 5*g**2 - 4*g**3 + 2*g. Calculate h(-1).
19
Let g be 5 - (-4 - -8) - -3. Let x(i) = 5*i - 4*i + 6 - g + 2. Give x(-8).
-4
Let v(t) = t**3 + t**2 - t + 8. Let b(a) = 3*a**3 + 4*a**2 - 2*a + 24. Let q(l) = -3*b(l) + 8*v(l). What is q(-4)?
0
Let l(b) = 8*b - 3. Let d be l(1). Suppose -4*v = 5*k + 12 - 5, -25 = -5*v + d*k. Let t(p) = 12*p. Determine t(v).
24
Let u = -36 + 46. Suppose p + p = u. Let o(j) = 3*j - 7. Give o(p).
8
Let z(k) = -2*k. Let r = -301 + 300. Let x be z(r). Let n(l) = 5*l**3 + 4*l + 3. Let m(q) = q**3 + q + 1. Let a(g) = 3*m(g) - n(g). Determine a(x).
-18
Let o(m) = 29*m + 19. Let i(r) = -22*r - 15. Let x(w) = -4*i(w) - 3*o(w). Suppose -f + 176 = 3*f. Suppose 7*z - f = 4*g + 2*z, -4*g + z = 28. Calculate x(g).
-3
Let i be 2/(-11) - (-26)/22. Suppose -m = -0*m - i. Let u(f) be the second derivative of -5*f**4/6 + f**3/6 + 13*f. What is u(m)?
-9
Let o(y) = 1 + y**2 - 3 - 2*y**2. Suppose 81 = r + 3*f + 2*f, f + 243 = 3*r. Let p = r + -81. What is o(p)?
-2
Let u(g) = g**3 - 1 - 203*g**2 + 225*g**2 + 12*g + 9*g. What is u(-21)?
-1
Let b = 527 + -525. Let j(u) = -4*u**2 + 2*u + 2. Calculate j(b).
-10
Let m(p) = p**2 + 11*p + 3. Let l be (16/20)/((-2)/25). Calculate m(l).
-7
Let z(r) = -3*r + 4. Suppose -64*j + 456 - 8 = 0. What is z(j)?
-17
Suppose 4*c + 3*d - 33 = 0, -4*d + 46 = 5*c - 5*d. Let u(k) be the first derivative of k**2 + 2*k + 4*k**2 - c*k**2 + 6*k**2 + 13. Give u(4).
18
Let z(j) = 1 - j**2 - 582*j + 582*j. Let f(c) = c**3 - 9*c**2 - 7. Let u(i) = -f(i) + 2*z(i). Give u(7).
9
Let f(b) = 4*b. Let s(w) = -w**2 + w + 16. Let x be s(0). Let z be (-8)/x*3*2. Calculate f(z).
-12
Let a(v) = -v**2 + 5*v - 4. Let u(p) = 3*p - 19. Let z be u(11). Suppose -5*f = -5*j - 3*f + z, 0 = 5*j + 3*f - 29. Determine a(j).
0
Suppose 5*l - 23 = -3*r + 3, -r + 2 = 0. Let i(g) = 3*g**3 - 6*g - l*g**2 - 5*g**3 - 2 + 2*g. Suppose